Let h = -4 + j. Suppose -2*f - 34 = -4*k, h*f + 52 = 5*k + 11. What are the prime factors of k?
7
Suppose -i + 1 = -2*i. Let c(z) = z**2 - 3*z + 4. Let q be c(3). Let t = q + i. List the prime factors of t.
3
Let v(a) = -3*a + a**3 + 4*a**2 + 11*a**2 - 9*a**2 - 16 + 8*a**2. What are the prime factors of v(-14)?
2, 13
Suppose -3*z + 136 = -65. What are the prime factors of z?
67
Suppose 0 = -z - l + 12, l = -4*z + 42 - 3. List the prime factors of z.
3
Let k be -63*-58*1/(-6). List the prime factors of ((-1)/3)/(7/k).
29
Let p = 12 + -9. Suppose p*j + b + 3*b = 35, -2*j - 5*b = -28. List the prime factors of j.
3
Suppose -3*s = 3*k - 27, k + 3*s - 7 = 3*k. Suppose 0 = -0*z - k*z. Suppose -q + 3*q = 4*y + 32, z = -3*q - y + 41. What are the prime factors of q?
2, 7
Suppose -3*d - 2*r = 13, 2*r + 15 = -5*d - 3*r. Let l(o) = -o**3 - 6*o**2 + 6*o + 3. List the prime factors of l(d).
2, 5
List the prime factors of 63 - -4*(-3)/(-6).
5, 13
Let j(a) = -a**3 - 6*a**2 - 4*a + 7. Let z be j(-5). List the prime factors of z/8 - (-119)/4.
2, 3, 5
Let l(d) = -d**3 - d**2 - 6*d - 6. What are the prime factors of l(-5)?
2, 31
Let u be ((-27)/(-6))/((-1)/(-2)). Suppose -d + 9 = -u. List the prime factors of d.
2, 3
Let n be 2 + -1 + 0 + 9. Suppose -2*x = 3*x + n. List the prime factors of (-24)/x + 0/2.
2, 3
Let k(z) = z**2 - z - 3. Let r = 0 + -4. What are the prime factors of k(r)?
17
Let i(r) = -6*r**2 - r - 8*r**2 + 4*r**2 - 10 - r**3. Let w be i(-10). Suppose w = -4*s - 25 + 113. What are the prime factors of s?
2, 11
Let u(l) = -l**2 - 3*l + 12. Let h be u(-7). List the prime factors of (-380)/h - (-4)/16.
2, 3
Let a = -191 + 447. What are the prime factors of a?
2
Suppose v = -0*v + 4. Let h = v + -2. Suppose h*f - 3*w - 16 = 0, -w + 2*w = -4. What are the prime factors of f?
2
Let i = -9 + 13. Suppose i*z - c - 222 + 34 = 0, -5*c = 20. List the prime factors of z.
2, 23
Let l(h) = -5*h. Let q be l(-1). Suppose 2*x - 53 = -q*n + x, -2*n = 3*x - 16. What are the prime factors of n?
11
Let w(z) = -3*z - 3. Let l(j) = -4*j. Let i be l(1). List the prime factors of w(i).
3
Let l = 52 - 35. What are the prime factors of l?
17
Suppose 2*l + 24 = 2*n + 246, -n = 3. What are the prime factors of l?
2, 3
Let u be (-10)/30 - 17/3. Let v = u + 12. What are the prime factors of v?
2, 3
Suppose -128 - 65 = -o. Suppose -5*f + o = 58. What are the prime factors of f?
3
Let p(s) = 7*s**2 + 6*s + 3. List the prime factors of p(3).
2, 3, 7
Suppose -2*f + k + 1 = -6, 0 = f - 4*k. Let d = f + -6. Let i = d - -6. What are the prime factors of i?
2
Let a(z) = z**3 - 4*z**2 + 4*z. Let c be a(4). Suppose -c = -4*p, -2*n - 3*p + 20 = -2*p. Suppose 3*j - n = 10. List the prime factors of j.
2, 3
Let w = -4 + 8. Suppose 0 = w*b - 77 + 29. Let x(m) = 2*m - 16. List the prime factors of x(b).
2
Suppose 2*u - 4*f = 66, 143 = 5*u + f - 0*f. What are the prime factors of u?
29
Suppose -2*h + 4*h = -5*o + 275, 0 = -3*o + 5*h + 165. Suppose -o = -4*c + 65. What are the prime factors of c?
2, 3, 5
Suppose 9*z - 15 = -5*h + 4*z, 0 = 2*z + 10. Let x be (-4)/(-8) - 62/(-4). Suppose -4*p + x = 3*o - 3*p, -4*o - 4*p + h = 0. List the prime factors of o.
7
Suppose -5*c = -0*z + z + 16, z = -c. Let j(y) = -2*y - 1. What are the prime factors of j(c)?
7
Suppose 0 = -7*q + 5*q + 54. What are the prime factors of q?
3
Let w = -19 + 4. List the prime factors of (w/(-9))/((-2)/(-12)).
2, 5
Suppose -3*b + 19 + 23 = 0. List the prime factors of b.
2, 7
Let n(d) = 7*d**2 + 11*d + 5. Let h(o) = 10*o**2 + 17*o + 7. Let c(q) = 5*h(q) - 7*n(q). What are the prime factors of c(-9)?
3
Let q = -9 - -24. Let u = q + 5. List the prime factors of u.
2, 5
Let g = 5 - 3. Suppose g*s + 1 = 5. Suppose -3*x + s*x = -11. What are the prime factors of x?
11
Let h(k) = -k**3 - 6*k**2 + 12*k + 9. What are the prime factors of h(-8)?
41
Suppose -2*k - 3*z + 319 + 66 = 0, z - 567 = -3*k. What are the prime factors of k?
2, 47
Let t = 37 - 61. List the prime factors of 2/(-3) - 448/t.
2, 3
Let w(n) = 3*n**2 + 2*n - 1. List the prime factors of w(-2).
7
Let u be (10/6 + -2)*-6. Suppose -5*z - u*i = -0*i - 12, -4*z - 3*i + 4 = 0. Suppose 0 = -x + z. List the prime factors of x.
2
Suppose -8*x = -10*x + 62. List the prime factors of x.
31
Let a(t) = 3*t - 1. Let w be a(-4). Let p = 17 + w. What are the prime factors of p?
2
Let w be (-32)/(-6) - 1/3. Let z be 7/1 - (-3 + w). Suppose -t + z*f + 3 = -0, t - 3 = -2*f. What are the prime factors of t?
3
Let h = -3 - -5. Let y(j) = h + j + 2*j**2 + 0*j**2 + 0*j**2. What are the prime factors of y(2)?
2, 3
Let n be (-27)/((-12)/(-8) - 2). Suppose 0*h - n = -6*h. What are the prime factors of h?
3
Suppose -11 = -2*w - 5. Let v = 3 - -3. Suppose 0 = 3*i - w*a - 6, v*a - 14 = i + a. What are the prime factors of i?
2, 3
Let j(n) = 6*n + 70. What are the prime factors of j(27)?
2, 29
Let b be 2/7 - (-24)/14. Let z be (0 + 0)*b/(-4). List the prime factors of ((-1)/(-3) + z)*42.
2, 7
Suppose -3*b = -4*b - 24. Suppose -f + 2*f = 42. Let c = f + b. List the prime factors of c.
2, 3
Let t(m) = m**3 + 4*m**2 + 2*m - 1. Let o be t(-3). What are the prime factors of (-55)/(o - (-12)/(-4))?
5, 11
Let n be (4/(-6) - -2)*-3. Let z(h) = -h**3 - 3*h**2 + 4*h + 3. List the prime factors of z(n).
3
Let k = 34 + -23. Suppose -1 = -2*h - k. Let v = 7 + h. List the prime factors of v.
2
Let k(u) = -u**2 - 6*u - 1. Suppose -5*s - 10 = -3*s. Let i be k(s). Suppose 4*b - 52 = -4*g, i*b = 5*g - 20 - 9. What are the prime factors of g?
3
Let b(m) be the first derivative of m**3/3 + 3*m**2 + 3*m + 2. List the prime factors of b(-7).
2, 5
Let z = 6 + -4. Let j = z - -1. What are the prime factors of (8/3 - 2)*j?
2
Suppose 2*a - 2*x = -0*x + 52, -2*x = -5*a + 142. Suppose -2*c + a = 3*c. Suppose -5*i = -t - 6, -5*t + 5*i = -4 - c. List the prime factors of t.
2
Suppose -6 + 16 = t - 4*m, 2*m + 26 = 2*t. List the prime factors of t.
2, 7
Let q(b) = b**2 - 3*b - 7. Let t be q(5). Suppose 3*j - 2*a - 49 = 3*a, -t*j + 47 = -4*a. What are the prime factors of j?
13
Let k(d) = -d**3 - 9*d**2 - 3*d + 2. Let p be k(-9). Let c = 49 - p. What are the prime factors of c?
2, 5
Let x be 6/15 + (-54)/(-15). Suppose 27 = -x*q + 5*q. What are the prime factors of q?
3
Let g(t) = t**2 + 11*t + 11. Let r be g(-10). Let p be 10/(-15)*-9*r. Suppose -18 = -4*x - p. List the prime factors of x.
3
Let n(c) = -c**2 - 4*c + 1. Let r be n(-2). Suppose i - v + 0*v - 3 = 0, 3*i - 1 = r*v. List the prime factors of i.
7
Suppose 6*v = -417 + 1035. What are the prime factors of v?
103
Suppose -26 - 62 = -2*t. What are the prime factors of t?
2, 11
Let c(n) = n**2 - n. Let f be c(2). Let t(q) = q**3 - q + 4*q - 2*q + 6 + q**2 - 5. List the prime factors of t(f).
3, 5
Let s be (9/3)/(4/24). Let v = s + -6. What are the prime factors of v?
2, 3
Suppose -3*l = w, -l + 12 + 1 = -4*w. Let j(g) = -g + 3. Let a be j(w). Suppose 2*u - a = -0*u. What are the prime factors of u?
3
Suppose 3*u + 7 = 19. Suppose 0 = -t + u*t - 18. Let z = -1 + t. What are the prime factors of z?
5
Suppose -q + 11 = 1. Let w = 1 - 1. Suppose w = 2*m - q. List the prime factors of m.
5
Let i(o) = 6*o**3 - 3*o**2 + 2*o - 3. List the prime factors of i(2).
37
Suppose 0 = -3*n - 2*v + 19, 5*n = 3*v. Suppose 2*c + 4*t = 22, t - 3*t = n*c - 17. Suppose -4*o + c*p + 19 = -23, 5*o - 47 = p. List the prime factors of o.
3
Let m = 326 + -233. List the prime factors of m.
3, 31
Let f = 17 + -8. Let l = 3 + f. List the prime factors of l.
2, 3
Let d = 2 + 1. Suppose -b + 6 = d. Suppose b*q + 105 = 8*q. What are the prime factors of q?
3, 7
Suppose 92 = 3*n - 106. Suppose -3*i - 24 + n = 0. What are the prime factors of i?
2, 7
List the prime factors of ((-63)/12)/((-6)/80).
2, 5, 7
Let w(p) = p**3 - 5*p**2 - 2*p - 4. Let k be w(5). Let l = k - -27. What are the prime factors of l?
13
Suppose 4*r + 3*y - y = 408, 0 = y - 4. Let d = r - 63. What are the prime factors of d?
37
Let p(k) = -k + 59. List the prime factors of p(22).
37
Suppose 0 = -4*p + 3*w + 125, -2*p - 29 = -3*p + 3*w. Let l = p - 14. What are the prime factors of l?
2, 3
Let w be (1 - (0 - -1)) + 3. Suppose w - 20 = -d. What are the prime factors of d?
17
Let j(o) be the first derivative of o**3/3 - o**2/2 + 3*o - 